+ 7*h**2 + 7*h + 1193*h**3 - 568 - 1192*h**3. Calculate m(-5).
18
Suppose -148*p + 172*p + 24 = 0. Let i(s) = 6*s**2 + 3*s**2 - 1 - 7*s**2 - 2*s. Determine i(p).
3
Let f(y) = 6*y**3 + 6*y**3 + 11*y**2 - 15*y**3 + 2*y**3 + 2. Let j be f(11). Let s(b) be the second derivative of -5*b**3/6 + 3*b**2/2 + 4*b. Give s(j).
-7
Let a(b) = -b**3 + 3*b**2 + 17*b - 5. Let l(x) = -x**2 - 4*x + 1. Let d(n) = 2*a(n) + 9*l(n). Let y = -61450 + 61448. Determine d(y).
7
Let c be 214120/280 - 2/(-7). Let d = -762 + c. Let w(t) be the second derivative of -t**3/6 + 2*t**2 - t. Give w(d).
1
Let c(d) be the second derivative of 13*d**3/6 - 21*d**2/2 + d + 938. Give c(0).
-21
Let h(q) = 6 - 7*q - 9 - 6 + q**3 + 6*q**2. Suppose 3*j = -17*x + 20*x - 12, -j - 2*x + 11 = 0. Let a be (j + 1 + -1)/(9/(-63)). Give h(a).
-9
Let r(s) = s**3 - 3*s**2 - 5*s + 6. Let l be r(4). Let k(z) be the second derivative of 0*z**3 - 1/4*z**4 + 15*z + 0*z**2 + 0. Determine k(l).
-12
Let a = -13009 - -13013. Let n(y) = -2*y**2 + 18. Determine n(a).
-14
Let i(f) = 6*f + 8. Let n(l) = -l**2 - 13*l - 13. Let m be n(-1). Let v be (m - (-6)/4)*-14. What is i(v)?
-34
Let j(q) be the first derivative of -18 + 1/2*q**2 - 14*q. Suppose -4*o + 5*n + 32 = -28, -4*o + 32 = 2*n. What is j(o)?
-4
Let v(t) = 2*t**2 + 4*t + 5. Suppose -3 = y, y + 17 = -s - 129. Let p = s - -139. Calculate v(p).
21
Let g(f) = 6*f - 52. Let r = -5041 - -5052. Determine g(r).
14
Suppose -29*q + 44*q + 195 = 0. Let p(u) = -2*u - 47. Calculate p(q).
-21
Let s(p) = -3*p - 37. Suppose -119*q - 66 = 90 + 558. What is s(q)?
-19
Let n(m) be the second derivative of -m**3/2 + 23*m**2/2 - 479*m + 1. Give n(12).
-13
Let j(x) = -4*x - 8. Let m(n) = -1. Let l(d) = -j(d) + 5*m(d). Suppose -211*c + 214*c + 17 = 5*u, 4*u + 2*c - 18 = 0. Calculate l(u).
19
Let g(z) = -83*z + 150. Let s(c) = -17*c + 28. Let h(w) = 2*g(w) - 11*s(w). Calculate h(1).
13
Let r be ((20 + -20)/23)/1. Let n(x) be the third derivative of 0 - 4/3*x**3 + 1/120*x**6 - 33*x**2 - 1/3*x**4 + 1/10*x**5 + r*x. Determine n(-7).
-1
Let g(q) = -48*q**2 - 44*q**2 + 135*q**2 - 44*q**2 - 18*q - 29. Calculate g(-15).
16
Let m(a) be the second derivative of a**4/12 + 7*a**3/6 - 3852*a. Calculate m(-9).
18
Let q(c) = 58*c - 345675 + 21*c**2 + c**3 - 6*c + 345646. Calculate q(-18).
7
Let p(b) = 2*b + 4. Let y be p(5). Let j(f) = 58*f + 1. Let o(v) = -329*v - 4. Let s(k) = -17*j(k) - 3*o(k). What is s(y)?
9
Let c(p) = 2*p - 17. Suppose 0 = -k - 2*m + 495, 2*k + 298 = -5*m + 1284. Let h = k - 489. Give c(h).
11
Let c(u) = 25*u - 58. Let q(t) = 21*t - 64. Let z(f) = 4*c(f) - 5*q(f). What is z(20)?
-12
Let v(p) = 11*p**2 - 25*p + 6. Let u = -603 - -605. Calculate v(u).
0
Let j(f) = f**3 - 11. Let m(v) = -v**3 - 18*v**2 - 7*v - 24. Let x(a) = -a**3 - 19*a**2 - 5*a - 23. Let y(l) = 2*m(l) - 3*x(l). Let q be y(-21). Give j(q).
-11
Let d(r) be the second derivative of -r**2 - 13/6*r**3 + 2 - 124*r + 1/12*r**4. Determine d(10).
-32
Let n(j) = -18 - 77 - 117630*j + 117642*j. Determine n(9).
13
Suppose -y + 3*x + 6 = 0, 0*y + 4*x = -4*y + 8. Let c(a) = 153 - 251 - 2*a + y*a + 120. Calculate c(0).
22
Let v(f) = -f. Suppose 0 = -3*c + 6, 5*c = -5*z + 22 + 18. Let g(t) = t - 3. Let s(p) = z*v(p) + g(p). Let y be (5/(-30)*(8 - -12))/(10/(-12)). Determine s(y).
-23
Let m(s) be the first derivative of 0*s**4 + 30 + 1/120*s**6 + 0*s - 1/60*s**5 + 15/2*s**2 - 1/2*s**3. Let p(k) be the second derivative of m(k). Give p(0).
-3
Let c(l) = 60*l + 541. Let h be c(-9). Let d(u) = 14*u**3 - 3*u. Let v(w) = -w. Let q(f) = -d(f) + 2*v(f). Calculate q(h).
-13
Suppose 5*k - 5 = -5*a, 0*k + 4*k - 10 = -a. Let m(z) = z**2 + z - 13. Calculate m(k).
-1
Let n be 18/(-12) - 207/(-6). Let z = n + -32. Let u(d) be the second derivative of -2*d**3/3 - 3*d + 7. Determine u(z).
-4
Let q = 504 + -502. Let i(m) = -3*m**q - 4*m - 4 + 5*m + 5*m**2 + m**2 + 0*m**2. What is i(-4)?
40
Let i(n) be the second derivative of -n**5/20 - 23*n**4/12 + n**3/3 + 28*n**2 - 2094*n. What is i(-23)?
10
Let n(r) = 829*r**3 + 792*r**3 - 1622*r**3 - 11*r - 5 - 8*r**2. Suppose -4*a - 43 = -3*p, 3*a - 4*a - 2*p = -3. What is n(a)?
23
Let t(c) = 5*c**3 + 7*c**2 + 4*c - 49. Let w(q) = 2*q**3 + 2*q**2 + q - 18. Let l(b) = 3*t(b) - 8*w(b). Determine l(5).
17
Let z(a) = -4*a**3 - 6*a**2 + 38*a - 109. Let t(w) = -3*w**3 - 3*w**2 + 36*w - 108. Let m(p) = -3*t(p) + 2*z(p). Give m(5).
-4
Let j(q) be the second derivative of 11*q**3/6 - 147*q**2/2 - 2046*q. Determine j(14).
7
Let t(r) = -6*r**3 - 2*r - 1. Suppose 46*c + 5*d = 51*c + 10, 10 = -5*c + 2*d. What is t(c)?
51
Let f(j) = -25*j**3 + 12*j**2 + 20*j + 7. Let z be f(-1). Let m(t) be the second derivative of 3*t**2 + 1/6*t**3 + z*t + 0. What is m(-7)?
-1
Let t(g) = -g**2 + 11*g - 12. Let j(i) = -i**2 + 14*i - 40. Suppose 5*h = -3*q + 31, -33 + 5 = -5*h - 4*q. Let r be j(h). Determine t(r).
12
Let z(x) = 3*x - 5*x + x - 17. Suppose 5*u - 24 = -2*c, -4*u - 3 = -3*c - 13. Suppose -v = 70 - 69, 0 = 2*q + 2*v + c. Give z(q).
-17
Let n(z) = 9*z - 23. Let a be n(3). Let b(l) = -4*l**3 + l + 1. Let s(p) = p**3 + p**2 + p. Let v(o) = b(o) + 3*s(o). Calculate v(a).
1
Let m(p) = -6*p**2 + 9*p + 9*p - 6*p. Let j(w) = 7*w**2 - 13*w - 1. Let n(y) = 5*j(y) + 6*m(y). Calculate n(4).
7
Let y(m) be the third derivative of -m**7/2520 - m**6/120 - m**5/15 - 89*m**4/24 - 3*m**2 - 1. Let o(v) be the second derivative of y(v). Calculate o(-6).
-8
Let m(w) be the third derivative of -w**4/12 - 13*w**3/6 + 55*w**2. Let c(u) = 5*u + 37. Let k(s) = -3*c(s) - 8*m(s). Determine k(0).
-7
Let m be (-12)/(-1 + -2) - 0. Suppose -m = -5*w + w. Suppose w = -2*q - 1. Let k(y) = 8*y**2 - 1. What is k(q)?
7
Let a(n) = -2*n + 15. Let f be (2 - 4/(-3))*(-18)/(-12). Suppose 0 = -2*t + 4, -62 = -f*g + t - 19. What is a(g)?
-3
Let g = -8 - -13. Let f(l) = 6*l**3 - 11*l**2 + 6*l + 3. Let j = 65 + -64. Let b(i) = -i**3 + i**2 - 1. Let k(y) = j*f(y) + 5*b(y). What is k(g)?
3
Suppose x - 1 = 3*j + 10, 3*x = -12. Let f(v) be the first derivative of -v**3/6 - 11*v**2/2 - 5*v + 11. Let h(l) be the first derivative of f(l). What is h(j)?
-6
Let x(q) = -q**3 + q**2 - q + 9. Let y(z) = z**3 - z**2 + z - 9. Let c be (-15)/(-6)*(66/30 - 3). Let b(f) = c*x(f) - 3*y(f). What is b(0)?
9
Suppose m - 8 = -c, -2*m + 33 = 27. Let r(f) be the third derivative of 0*f + 0*f**3 + 1/20*f**c + 0 - 9*f**2 + 1/12*f**4. Give r(2).
16
Let y(t) = 1612 - 412 - 399 - 409 + 7*t - 408. Determine y(4).
12
Let d(g) be the first derivative of -g**3/3 - 5*g**2 + 6*g - 1. Let k be (-7)/(-3)*(-2)/(-42) + (-182)/18. What is d(k)?
6
Let o(p) = -2*p**2 - 2*p + 1. Let z(m) = 2*m**2 - 3*m + m**3 + 2 - 1 - 4*m**2. Let x = -10653 + 10651. Let g(w) = x*z(w) + 3*o(w). Give g(-1).
1
Let j(q) be the first derivative of 7*q**3/3 + 3*q**2/2 + 9*q + 4095. Calculate j(-2).
31
Let y(l) = 1434 + 7*l - 4472 + 1525 + 1520. Let g(h) = -5*h**3 - 2*h**2 + 2*h - 1. Let c be g(1). Determine y(c).
-35
Let o(x) be the first derivative of x**4/4 - x**2 - 3*x - 8. Let f(p) = 5*p**3 + p**2 - 9*p - 14. Let m(h) = -2*f(h) + 11*o(h). Give m(4).
11
Suppose 0 = -2*o - 5*d + 13, 5*o - 147*d = -143*d + 16. Let l(h) be the first derivative of 1/3*h**3 + 0*h - o*h**2 + 19. Calculate l(8).
0
Let o(a) be the first derivative of a**4/12 + 7*a**3/6 + a**2 + 8*a + 31. Let c(z) be the first derivative of o(z). What is c(-6)?
-4
Let i(d) = -7*d**3 + 832*d**2 + 121*d - 238. Let c be i(119). Suppose -5*q + 16 = -q. Let r(f) = f**2 + 3 + 0*f**2 + f + q. Determine r(c).
7
Let z(d) = -d**3 + 4*d**2 + d - 1. Let c be z(4). Let i(l) be the third derivative of -5*l**4/24 - l**3/6 + 2*l**2 + 2681*l + 2. Give i(c).
-16
Let g = 1462 + -1463. Let a(s) = -5*s**2 + 2*s - 5. Let i(h) = 11*h**2 - 4*h + 11. Let k(c) = 13*a(c) + 6*i(c). Calculate k(g).
0
Let t(q) = -4*q**2 - 100*q + 56. Let h(w) = -w**2 - 32*w + 19. Let n(u) = 7*h(u) - 2*t(u). Calculate n(9).
-114
Let q(s) = s**3 - 10*s**2 + 7*s - 73. Let o = -523 + 533. Give q(o).
-3
Let m(x) be the third derivative of -x**8/20160 - x**7/720 - 11*x**5/15 - 36*x**2 - 2*x. Let o(p) be the third derivative of m(p). Determine o(-5).
10
Suppose c + 4*z - 7 = 3, z = 2*c - 2. Let j(m) = -3 + 6*m + 7*m**2 - 9*m**2 + 3*m**c. Suppose 8*u = 3 - 59. What is j(u)?
4
Let r(f) = 19*f**3 + 63*f**2 - 79*f - 